) to base 5.
2
Convert 2010 (base 4) to base 7.
246
Convert -120 (base 5) to base 16.
-23
Convert -3 (base 7) to base 4.
-3
Convert 15 (base 8) to base 2.
1101
7 (base 16) to base 15
7
18 (base 10) to base 8
22
-333 (base 4) to base 3
-2100
Convert -27 (base 9) to base 5.
-100
What is -122 (base 5) in base 15?
-27
Convert 0 (base 7) to base 6.
0
Convert -6c (base 13) to base 14.
-66
0 (base 15) to base 2
0
211 (base 3) to base 14
18
Convert 10 (base 3) to base 13.
3
-44 (base 16) to base 14
-4c
Convert 6 (base 7) to base 15.
6
What is 184 (base 11) in base 6?
553
4 (base 9) to base 8
4
Convert 2 (base 15) to base 10.
2
Convert 2 (base 7) to base 11.
2
What is 6 (base 9) in base 11?
6
What is -41 (base 6) in base 4?
-121
What is 4 (base 12) in base 7?
4
What is 5 (base 11) in base 5?
10
1 (base 9) to base 2
1
What is 10111 (base 2) in base 6?
35
10 (base 10) to base 13
a
What is 101000100 (base 2) in base 10?
324
-241 (base 5) to base 9
-78
Convert 4 (base 16) to base 6.
4
Convert -142 (base 5) to base 16.
-2f
9 (base 15) to base 3
100
-110 (base 11) to base 8
-204
What is 1001 (base 2) in base 8?
11
Convert 4 (base 5) to base 12.
4
Convert 5 (base 13) to base 11.
5
-9c (base 16) to base 12
-110
-1011 (base 3) to base 15
-21
Convert -22 (base 7) to base 9.
-17
Convert 0 (base 13) to base 8.
0
What is 2 (base 12) in base 9?
2
Convert 1 (base 10) to base 14.
1
-108 (base 9) to base 11
-81
What is 11000110 (base 2) in base 10?
198
-410 (base 6) to base 5
-1100
Convert 133 (base 9) to base 2.
1101111
What is b6 (base 15) in base 8?
253
What is -2 (base 15) in base 2?
-10
Convert 1 (base 7) to base 13.
1
Convert -c (base 16) to base 14.
-c
What is -26 (base 14) in base 13?
-28
Convert -2 (base 5) to base 2.
-10
13 (base 4) to base 10
7
What is -10 (base 3) in base 15?
-3
What is 1 (base 7) in base 6?
1
What is 1001 (base 3) in base 14?
20
-14 (base 8) to base 12
-10
Convert -1 (base 5) to base 15.
-1
Convert 3 (base 11) to base 8.
3
What is 201 (base 3) in base 8?
23
What is -2 (base 16) in base 3?
-2
-68 (base 12) to base 10
-80
Convert -10 (base 4) to base 6.
-4
101 (base 7) to base 12
42
Convert -2 (base 13) to base 10.
-2
What is -304 (base 5) in base 16?
-4f
16 (base 7) to base 3
111
40 (base 13) to base 15
37
What is 11 (base 3) in base 15?
4
-12 (base 7) to base 12
-9
-22 (base 11) to base 14
-1a
5 (base 9) to base 11
5
What is -3 (base 12) in base 2?
-11
What is -b (base 15) in base 10?
-11
Convert -4 (base 16) to base 10.
-4
What is -3 (base 11) in base 16?
-3
-13 (base 7) to base 10
-10
-5 (base 12) to base 5
-10
What is -2 (base 4) in base 10?
-2
16 (base 13) to base 7
25
Convert 1 (base 16) to base 13.
1
-4 (base 6) to base 10
-4
What is -124 (base 6) in base 14?
-3a
0 (base 9) to base 16
0
-95 (base 12) to base 13
-89
13 (base 10) to base 16
d
Convert 12 (base 4) to base 11.
6
What is -12c (base 15) in base 8?
-413
What is 1 (base 9) in base 16?
1
What is -201 (base 6) in base 3?
-2201
10010010 (base 2) to base 16
92
4 (base 11) to base 16
4
What is -13 (base 14) in base 10?
-17
Convert -10 (base 5) to base 6.
-5
Convert db (base 15) to base 11.
178
1 (base 8) to base 3
1
Convert 6 (base 11) to base 10.
6
-11 (base 3) to base 8
-4
Convert 11 (base 3) to base 6.
4
Convert -85 (base 16) to base 6.
-341
46 (base 10) to base 13
37
What is 2200 (base 3) in base 13?
57
What is 20 (base 13) in base 9?
28
What is -2 (base 7) in base 13?
-2
Convert 2 (base 6) to base 3.
2
0 (base 3) to base 6
0
What is -1c (base 14) in base 3?
-222
What is 126 (base 8) in base 7?
152
What is 1 (base 4) in base 9?
1
What is 28 (base 9) in base 16?
1a
Convert 8 (base 12) to base 16.
8
What is 410 (base 7) in base 11?
175
Convert 3 (base 5) to base 9.
3
Convert -4 (base 13) to base 12.
-4
Convert -6 (base 11) to base 14.
-6
Convert -11 (base 3) to base 16.
-4
-20 (base 7) to base 10
-14
200 (base 11) to base 12
182
Convert 18 (base 9) to base 5.
32
-20 (base 5) to base 14
-a
What is -4 (base 8) in base 13?
-4
What is 13 (base 16) in base 9?
21
Convert -101 (base 3) to base 12.
-a
-1 (base 7) to base 6
-1
-1 (base 12) to base 11
-1
10 (base 9) to base 8
11
What is -10111 (base 3) in base 2?
-1011110
Convert 300 (base 5) to base 11.
69
What is -44 (base 11) in base 14?
-36
-16 (base 10) to base 4
-100
What is -2 (base 5) in base 9?
-2
What is 1100000 (base 2) in base 15?
66
2a (base 11) to base 16
20
Convert -8 (base 9) to base 5.
-13
Convert -15 (base 9) to base 7.
-20
Convert 253 (base 6) to base 12.
89
Convert -4b (base 15) to base 13.
-56
What is -37 (base 9) in base 12?
-2a
18 (base 14) to base 13
19
28 (base 9) to base 2
11010
-1 (base 4) to base 13
-1
Convert -102211 (base 3) to base 13.
-1b7
What is 21 (base 7) in base 2?
1111
-166 (base 7) to base 3
-10121
Convert 2222 (base 3) to base 10.
80
-10 (base 2) to base 16
-2
What is 1 (base 14) in base 9?
1
2 (base 16) to base 11
2
What is -10111 (base 3) in base 10?
-94
Convert 120 (base 3) to base 15.
10
Convert -22 (base 9) to base 7.
-26
What is 351 (base 7) in base 14?
d1
Convert 10 (base 4) to base 5.
4
What is d (base 15) in base 13?
10
What is 10 (base 16) in base 3?
121
What is 15 (base 8) in base 12?
11
Convert -5 (base 8) to base 10.
-5
-1 (base 2) to base 13
-1
-19 (base 14) to base 5
-43
8b (base 12) to base 6
255
Convert -10 (base 6) to base 14.
-6
-6 (base 9) to base 12
-6
Convert -18 (base 9) to base 10.
-17
What is -22 (base 3) in base 13?
-8
What is -243 (base 9) in base 8?
-311
Convert 31 (base 14) to base 6.
111
Convert -4 (base 15) to base 12.
-4
-20 (base 3) to base 5
-11
What is -1b6 (base 12) in base 13?
-189
7 (base 8) to base 3
21
Convert 22 (base 4) to base 9.
11
Convert 4 (base 10) to base 5.
4
What is -2 (base 11) in base 9?
-2
What is -5 (base 15) in base 14?
-5
What is -27 (base 12) in base 15?
-21
-85 (base 10) to base 12
-71
Convert 0 (base 9) to base 5.
0
What is -5 (base 10) in base 15?
-5
-59 (base 11) to base 2
-1000000
-3 (base 15) to base 11
-3
11233 (base 4) to base 16
16f
Convert -2 (base 4) to base 7.
-2
-28 (base 9) to base 10
-26
-14 (base 5) to base 14
-9
What is -3 (base 6) in base 10?
-3
What is 0 (base 14) in base 6?
0
What is 2 (base 14) in base 4?
2
What is a (base 14) in base 16?
a
What is -2c (base 14) in base 2?
-101000
0 (base 16) to base 9
0
0 (base 2) to base 5
0
What is -407 (base 9) in base 7?
-652
What is -2021 (base 3) in base 4?
-331
What is 11 (base 12) in base 2?
1101
Convert 11 (base 5) to base 8.
6
What is 53 (base 9) in base 4?
300
Convert 160 (base 15) to base 7.
630
-7 (base 15) to base 10
-7
What is 2 (base 10) in base 14?
2
-9 (base 13) to base 7
-12
Convert 21 (base 4) to base 9.
10
626 (base 7) to base 12
222
-1 (base 8) to base 9
-1
Convert -7 (base 12) to base 11.
-7
What is -6c (base 15) in base 6?
-250
What is 7 (base 12) in base 11?
7
-12 (base 6) to base 3
-22
-222 (base 3) to base 12
-22
Convert -1 (base 12) to base 9.
-1
What is 12 (base 8) in base 9?
11
What is -25 (base 6) in base 13?
-14
What is -220 (base 5) in base 9?
-66
2 (base 7) to base 10
2
Convert -10 (base 2) to base 16.
-2
112 (base 8) to base 15
4e
Convert 4 (base 16) to base 11.
4
What is -6c (base 15) in base 7?
-204
What is -11 (base 5) in base 13?
-6
What is -2b (base 12) in base 2?
-100011
Convert -5 (base 7) to base 5.
-10
19 (base 12) to base 13
18
3 (base 4) to base 8
3
Convert 1 (base 12) to base 9.
1
Convert 100 (base 2) to base 9.
4
1024 (base 5) to base 6
351
-4 (base 14) to base 5
-4
-330 (base 5) to base 12
-76
1 (base 4) to base 10
1
Convert 11210 (base 3) to base 7.
243
c (base 15) to base 6
20
Convert -10b (base 14) to base 6.
-543
-3 (base 15) to base 8
-3
What is -6 (base 11) in base 6?
-10
Convert -11 (base 13) to base 5.
-24
Convert 231 (base 5) to base 10.
66
-60 (base 15) to base 14
-66
-8 (base 14) to base 8
-10
-78 (base 13) to base 4
-1203
-13 (base 12) to base 6
-23
What is 9a (base 16) in base 9?
181
What is -24 (base 15) in base 10?
-34
Convert 4 (base 5) to base 4.
10
What is -17 (base 15) in base 8?
-26
-1 (base 6) to base 12
-1
Convert 6 (base 7) to base 10.
6
What is 1a (base 16) in base 3?
222
What is -21 (base 12) in base 13?
-1c
6 (base 12) to base 13
6
What is 24 (base 13) in base 11?
28
-1 (base 9) to base 11
-1
0 (base 4) to bas